0 + (-2)/2 + -2. Let i(z) = 2*z - 14. Let a(h) = m*b(h) - 5*i(h). Suppose -4*t = 5*c + 5 + 5, 0 = 4*t + 4*c + 12. What is a(t)?
-6
Let z(c) = c**3 + 11*c**2 + 10*c + 2. Suppose 0 = -5*k + 8 - 3. Let v(f) = -f**2 - f. Suppose 0 = 3*r + 2*r - 30. Let s(d) = k*z(d) + r*v(d). Calculate s(-4).
2
Let o be 10 + -1 + (-1 - -1). Let q be (-6)/o*3/(-2). Let y(j) = -2 + q - j + 2. Give y(5).
-4
Let j(t) be the second derivative of -t**5/20 + t**4/12 - t**2/2 + 4*t. What is j(-2)?
11
Let u(t) = t - 5. Let y be u(9). Let j(n) = 5*n - y + 4*n**3 - 2 - 3*n**3 + 4 + 6*n**2. Give j(-5).
-2
Let q(h) = h - 1. Let c be (3 + 1 - 0 - 5)*1. What is q(c)?
-2
Let l(v) = 0 - 2*v + 8*v**2 - 19*v**2 + 12*v**2 + 1. Suppose 0 = o - 2*r + 9, 5 = -5*o + 4*r - 10. Give l(o).
0
Let b(d) = -d**2 + 7*d - 7. Let y(g) = 2*g**2 - 14*g + 15. Let p(a) = 5*b(a) + 3*y(a). Calculate p(7).
10
Let b(c) = c + 3 - 1 + 0 - 4*c. Suppose -7*v + 19 = 3*d - 3*v, -3*d + 5*v = 17. Let p = 4 - d. Give b(p).
-7
Let r(t) be the first derivative of 2*t - 2*t + 0 - 2*t**3 - 3 + t. Determine r(-1).
-5
Let i(c) = -c**3 + 6*c**2 - 5*c. Let t be i(5). Let s(v) = -v**2 + 8. Give s(t).
8
Let m(x) = x**3 - 2*x**2 - x - 4. Suppose 3*i + 15 = -2*i - 3*u, 4*i - 2*u = 10. Suppose -3*t + 6*t - 9 = i. Determine m(t).
2
Let j(x) be the second derivative of x**3/3 + x**2 - 13*x. Give j(-6).
-10
Let n(r) = -10*r + 1. Let m(u) = -u. Let x(i) = 6*m(i) - n(i). Let c(f) = f**3 - f**2 - 10*f + 13. Let v be c(3). Calculate x(v).
3
Let r be (-80)/(-15) + (-4)/(-6). Let n(j) = 1 - 2*j - 5*j**2 + j**3 + r*j + 0*j**3. Give n(4).
1
Suppose 0 = -u + 3 - 1. Let w(y) be the third derivative of -y**4/12 + y**3/6 + 3*y**2. Give w(u).
-3
Let x(r) be the first derivative of r**3/3 + 2*r**2 - 8. Give x(-3).
-3
Let n(o) = -4*o - 3. Let z(w) = -4*w - 4. Let l(u) = 3*n(u) - 2*z(u). Suppose 3 = -2*s - 3. Calculate l(s).
11
Suppose -4*x = 5*s + 35, 2*x - 22 = 4*x + 4*s. Let d be x/2*(-8)/5. Let j(i) = 3 + 1 + 2*i**2 - 3*i - i**2. What is j(d)?
8
Let u(v) be the first derivative of v**3/3 - 9*v + 3. Calculate u(0).
-9
Suppose -16 = 4*q, -4*r - 3*q + 10 = 34. Let t(p) = 0 + 4*p + 2 + 0 + 3*p**2 + p**3 - 2*p. Calculate t(r).
-4
Let d(t) = t - 1. Suppose 2*k + 2*k - 12 = 0. Suppose -k = z - 5. Suppose -3*f = z*f - 5. Determine d(f).
0
Let y(q) be the first derivative of q**3/3 - 5*q**2/2 - 4*q - 41. Give y(6).
2
Suppose -2*p + 4*p - 12 = 0. Let y(a) = -p*a**2 - a**3 + 90*a - 5 - 90*a. Determine y(-6).
-5
Let k(l) be the first derivative of -l**7/840 + l**6/120 - l**4/24 + l**3 + 2. Let i(r) be the third derivative of k(r). Give i(2).
3
Suppose 2*a - 48 = 4*a. Let k be a/(-9) + 4/(-6). Let t(h) = h**3 - 2*h**2 + 1. Determine t(k).
1
Suppose 5 + 7 = -3*z. Let r be z + 7 - (-2 + 3). Let l(q) = -q**3 - 4*q + 3. Give l(r).
-13
Let d(o) = -o**2 + 2*o + 1. Suppose 2*a = -7 + 3. Let k be 1/(a/(-1 + 5)). Give d(k).
-7
Let h(l) = 15*l - 5. Let n(m) = 44*m - 14. Let j(y) = -3*y - 13. Let q be j(-10). Let p(w) = q*h(w) - 6*n(w). Let z be 4/14 - 18/14. What is p(z)?
8
Let i(l) = 2*l. Suppose 4*q = 13*q - 36. Give i(q).
8
Let k be -5 + 1 + (1 - 3). Let i(o) = -o**3 - 7*o**2 - 6*o - 2. Determine i(k).
-2
Let z(g) = g**2 + 11*g + 5. Let v(x) = -2*x**2 - 20*x - 9. Let k(f) = -3*v(f) - 5*z(f). What is k(-5)?
2
Let u(w) = w**2 + 7*w - 6. Let o be -8 + 8 - (7 - -1). Calculate u(o).
2
Let f(p) = p**3 - 5*p**2 - 5*p - 3. Let l be f(6). Let z(d) = 2*d + 1 + l - 5*d. Calculate z(4).
-8
Let u(i) = -4*i - 2 + 4 + 1. Suppose -z - 8 = -2*j, -2*j - 1 = 5*z + 3. Determine u(j).
-9
Let d(y) be the second derivative of -y**6/72 + y**5/120 - y**4/4 - 3*y. Let k(s) be the third derivative of d(s). What is k(1)?
-9
Let g = -4 + 5. Let y(w) = g + w**2 - w**2 + 5*w**2 - w. Calculate y(1).
5
Suppose -2*h - 5 = 5*n - 33, -5*n = -h - 16. Let g(l) = 2*l - 5. What is g(h)?
3
Let y(c) be the first derivative of c**6/360 - c**5/30 - c**4/24 + 2*c**3/3 + 1. Let a(x) be the third derivative of y(x). Calculate a(3).
-4
Let f(s) be the third derivative of -s**5/120 - 13*s**4/24 - 3*s**3/2 - 10*s**2. Let p(t) be the first derivative of f(t). Give p(-6).
-7
Let c be ((-2)/(-5))/((-2)/(-10)). Suppose c*q = -4*u + 2*u - 2, 0 = 4*q - u - 6. Let w = q - 2. Let z(j) = -4*j. Give z(w).
4
Let w(z) = z + 1. Suppose -6*u - 20 = 22. Give w(u).
-6
Let b(t) = -2 + 2*t - 119*t**2 + 238*t**2 - 120*t**2 + 0. Suppose 4*y = y + 6. Calculate b(y).
-2
Let q = -37 - -39. Let b(u) = u**3 - 3*u**2 + 3*u - 3. Determine b(q).
-1
Let w(s) be the second derivative of -s**5/20 - s**4/3 + s**3/3 + s. Let k be 1 + 10/(-14) + (-570)/133. What is w(k)?
-8
Let r(k) = -k**3 - 5*k**2 - k - 5. Let b be (2/4)/(5 + (-153)/30). Give r(b).
0
Let d = -174 + 160. Let u(v) = -v**2 - 12*v + 20. What is u(d)?
-8
Let o(k) = 4*k + 2 + 6*k - 5 - 6*k. Let x(d) = -d - 1. Let q(r) = o(r) + 5*x(r). Calculate q(-4).
-4
Let t(l) be the first derivative of 0*l - 2/3*l**3 - 1/24*l**4 + 1/2*l**2 + 2. Let i(y) be the second derivative of t(y). What is i(-5)?
1
Let a be (-18)/(-3) + (-3 - 1 - -5). Let t(p) = p**3 - 6*p**2 - 8*p - 10. Calculate t(a).
-17
Suppose -2*n - 13 = -3*n - 4*j, -65 = -5*n - 3*j. Let b = n - 16. Let a(k) be the third derivative of -k**6/120 - k**5/20 + k**4/12 - k**3/6 - k**2. Give a(b).
-7
Suppose -5*i = -2*q - 3, 4*i = -q - 2 + 7. Let k(d) = d - d + d + q + 0. Calculate k(4).
5
Suppose -b + 28 = -4*g - 4, -5 = -b - 5*g. Let k(m) = -1 + 38*m - b*m - 7*m. Calculate k(1).
10
Let t be (1/(-3))/((-14)/(-168)). Let x(u) = u**3 + 4*u**2 - 4. What is x(t)?
-4
Let d = 4 + -1. Let x(i) = -i + 14. Let q be x(9). Let y(j) = -q*j - 2 + j + 2*j. What is y(d)?
-8
Let u(g) = -6*g. Let b = -25 + 27. Calculate u(b).
-12
Suppose 4*o - 5 = 15. Let n(h) be the third derivative of h**2 + 1/60*h**o + 1/6*h**3 + 0*h + 1/6*h**4 + 0. Calculate n(-5).
6
Let u be (-3 - -8) + (-1 - 1). Suppose u*x = -x. Let j(p) = -p - 5. Determine j(x).
-5
Let o(j) = 11*j + 4 - 3*j - 2*j**2 + 3*j**2 - 2*j. Determine o(-6).
4
Suppose 2*o + 0 = -8. Let q(c) = 4*c**3 + 2*c**2 + 5*c + 5. Let z(w) = -3*w**3 - 3*w**2 - 5*w - 4. Let b(k) = 2*q(k) + 3*z(k). Determine b(o).
2
Suppose -6*p = -5*a - 8*p - 32, 2*a = 4*p - 8. Let h(o) = -o - 6. Give h(a).
0
Let r(f) = f**3 + 2*f**2 - 4*f - 1. Let b = 10 + -14. Give r(b).
-17
Suppose -19*j + 18*j - 1 = 0. Let t(z) = -11*z**3 - 1. Give t(j).
10
Let n be 6/9 + 4/3. Let y be (-1)/2 + n/4. Let b(x) be the third derivative of x**4/24 - x**3/3 - 22*x**2. Determine b(y).
-2
Let q(o) = -o**2 - 7*o + 2. Let h be q(-7). Let r(f) = 2*f**2 - 2 - 3*f + 6*f - 3*f**h. Suppose -2*m - 5*z + 14 + 14 = 0, -3*m + 4 = -2*z. Give r(m).
-6
Let v be 3/(18/21)*(4 + -2). Let a(k) = -k**2 + 8*k - 5. Determine a(v).
2
Let w(z) be the second derivative of -1/6*z**3 + z + 1/12*z**4 + 0 + 1/20*z**5 + 3*z**2. Determine w(0).
6
Suppose -2*g + 1 + 9 = 0. Let a(n) = -n**3 + 4*n**2 + 6*n + 1. Determine a(g).
6
Let q = -18 + 18. Let o(p) = -3 + 6 + 1 + 2*p. Let a(d) = -3*d - 7. Let u(i) = -3*a(i) - 5*o(i). Give u(q).
1
Suppose 4*v = -4 - 12. Let y(g) = 5*g**3 + 4*g**2 + g - 5. Let s(a) = -14*a**3 - 12*a**2 - 2*a + 15. Let m(u) = -4*s(u) - 11*y(u). What is m(v)?
7
Let x = -1 - -6. Let v = 2 - x. Let i(m) = -m**2 + m - 1. Let t(d) = 6*d**2 - 2*d + 3. Let f(a) = 5*i(a) + t(a). Calculate f(v).
-2
Let y = 27 + -21. Let b(u) = 2*u**2 - 7*u + 4 - u**2 + 5. Give b(y).
3
Let o(w) be the second derivative of -1/6*w**3 + 0*w**2 + 1/20*w**5 + 0*w**4 - 3*w + 0. What is o(-2)?
-6
Let d(j) = -48*j**3 + 9*j**2 + 9*j + 5. Let o(k) = 12*k**3 - 2*k**2 - 2*k - 1. Let n(b) = -2*d(b) - 9*o(b). Calculate n(-1).
11
Let i(l) be the third derivative of -l**5/60 - l**4/8 - l**3/6 - 8*l**2. Give i(-2).
1
Suppose 0*a = a - 8. Let q = -2 + 4. Suppose 0 - a = q*t. Let s(f) = -f - 2. What is s(t)?
2
Let n be ((-2)/(-4))/(1/(-4)). Let j(v) = 2*v - 2*v + v. Give j(n).
-2
Let f(k) = 8*k - 3. Suppose -2*l + 4 = m, 4*m - 55 = -0*m + 5*l. Let c = m - 8. Give f(c).
13
Let w be (-16)/40*5 - (-2 + 5). Let k be 2 + 0 - (-3 + -1). Let h(n) = -k*n - 2*n**2 + n**2 - 3 - 2*n. What is h(w)?
12
Let y = -1 + 3. Suppose -y*m + 12 = 2*m. Let q = -1 + m. Let c(i) = i**2 - i + 2. Give c(q).
4
Let p(c) = c**2 - 11*c - 6. Let x be p(12). Let f(v) = -v**2 + 3*v + 5. What is f(x)?
-13
Let f be (-1)/(-1) + 4/(-2). Let r(w)